ime factors of l?
2, 3, 491
Let a(o) = 2*o**3 + o**2 - o - 7. Let q = -15 + 11. Let z be 1/((16/(-12))/q). What are the prime factors of a(z)?
53
Let f(d) = -3*d + 2987. List the prime factors of f(0).
29, 103
Suppose -29 - 11 = -2*g. Suppose 0*o = o + g. List the prime factors of (o/6)/((-4)/6).
5
Suppose -4*k + 32 - 12 = 5*m, m = 0. Suppose w + 2*p - 16 = 3*p, -k*w + 87 = 2*p. List the prime factors of w.
17
Suppose 8 = -3*k + 3*o + 2, -2*o = -3*k - 1. What are the prime factors of (-77)/(-2)*(k - 4/4)?
7, 11
Suppose 3*q + i = 653, 4*q = q - 2*i + 649. Suppose 11*k = 1233 + q. List the prime factors of k.
2, 3, 11
Let d = -15 - -20. Suppose -585 = -d*j + 5*a, 0*j = -j - 5*a + 141. List the prime factors of j.
11
Suppose 18*i - 1073 - 7297 = 0. What are the prime factors of i?
3, 5, 31
Suppose 0 = 29*u - 23*u - 780. List the prime factors of u.
2, 5, 13
Let b be (-1)/(-2) - (-1251)/6. Let m(l) = l**3 + 18*l**2 - 12*l - 12. Let h be m(-19). Let j = h + b. List the prime factors of j.
2
Let i(o) = -32*o + 180. What are the prime factors of i(-30)?
2, 3, 5, 19
Suppose 4*g = 2*g + r + 10474, 0 = -g - 3*r + 5244. List the prime factors of g.
2, 3, 97
Let n be 20/70 - (-58)/(-7). Let o(h) = -h**3 - 7*h**2 + 7. List the prime factors of o(n).
71
Let k be (-3)/(2*2/(-100)). Let s be 4*((-152)/(-171) - 1/(-9)). Suppose s*f - 35 = -g + f, 0 = g - 5*f - k. List the prime factors of g.
2, 5
Let t = -1968 + 3522. What are the prime factors of t?
2, 3, 7, 37
Let i(f) = f**3 - 10*f**2 + 10*f - 2. Suppose 3*b - t - 24 = -0, -4*b = -t - 33. Let d be i(b). Suppose -d*q = -11*q + 184. List the prime factors of q.
2, 23
Suppose -2*l + 11 = 3. Suppose 3*u - c + 15 = 3*c, -l*c + 7 = 5*u. What are the prime factors of (u - 2) + 1 + 13?
11
Suppose -2*m = -7*y + 3*y + 2594, -y - 4*m = -635. List the prime factors of y.
647
Let m = -235 + 341. Suppose m - 298 = -3*a. List the prime factors of a.
2
Suppose 5*p + 0 = 15. Suppose -w - 2*f + 22 = 0, -5*w - p*f + 81 = -15. List the prime factors of w.
2, 3
Suppose 879*a - 886*a + 5208 = 0. List the prime factors of a.
2, 3, 31
Let r(u) = -16*u**3 - u**2 - 9*u + 3. What are the prime factors of r(-4)?
3, 349
Let g be (3 + -1 - 0)*16. Let t be (-7*(-6 - -12))/(-1) + 2. Let d = t - g. List the prime factors of d.
2, 3
Let z be 0*((1 - 6) + 4). Suppose -4*u - 64 - 4 = -4*w, -4*u = -2*w + 44. Suppose 2*l - 58 + w = z. What are the prime factors of l?
23
Let u(f) be the first derivative of -5*f**2 - 11*f + 7. List the prime factors of u(-3).
19
Let v(k) = 6*k + 5. Let s be v(6). Suppose 0 = 3*z + g + 5, 0 = 2*z + g - 1 + 4. Let y = z + s. What are the prime factors of y?
3, 13
Suppose 16*t - 1245 = 13*t. List the prime factors of t.
5, 83
Let m = 6 + -3. Suppose -m*p + 4 = 10. What are the prime factors of 0 + p + 34 + -2?
2, 3, 5
Let r = -212 - -462. Suppose -9*h + 14*h = r. What are the prime factors of h?
2, 5
Let t = -16 + 20. Suppose x = -6 + t. Let j(b) = -4*b**3 - b**2 + 2*b + 3. List the prime factors of j(x).
3
Let u = 2047 + -974. List the prime factors of u.
29, 37
Suppose 22 - 2 = 10*v. Suppose -3*p - v*p + 535 = 0. What are the prime factors of p?
107
Let q(b) = 2*b - 10. Let d = -16 - -23. Let w be q(d). Suppose w*s = 9*s - 250. What are the prime factors of s?
2, 5
Suppose -7 + 20 = o. Suppose 0 = 3*l + 5*x - 421, 2*l - o*x + 8*x = 264. List the prime factors of l.
137
Let x = 1235 - -431. List the prime factors of x.
2, 7, 17
Let i(n) = -n**2 - 23*n + 4. Let v be i(-20). Let y = -55 + v. What are the prime factors of y?
3
Let b(q) = q**3 + 14*q**2 - 7*q - 11. Let g be b(-11). Suppose o = -2*k + 85, 5*o - 2*k = 32 + g. What are the prime factors of o?
7, 13
Suppose -12 = -3*g, 164 = 3*b + 5*g - 3. What are the prime factors of b?
7
Let d = -18 - -20. Suppose 10*k - 296 = d*k. What are the prime factors of k?
37
Let z(w) = 6*w + 8 - 2 - 21 - 12. List the prime factors of z(11).
3, 13
Suppose 3*m + 18 = 5*m. Let j(i) = i**2 - 3*i - 4. What are the prime factors of j(m)?
2, 5
Suppose -3*j = -3*q - 6 + 18, 5*q = -3*j + 20. Let k = 165 - q. Let s = -114 + k. List the prime factors of s.
47
Let j = -29 - -22. Let d(r) = -27*r - 24. List the prime factors of d(j).
3, 5, 11
Suppose 8*s = 2*s + 54. List the prime factors of -1 + (24/(-7))/(s/(-63)).
23
Let f(o) = 22*o + 541. What are the prime factors of f(0)?
541
Suppose 4*j = 4*o + 140, 8*o - 3*j = 3*o - 185. Let s(x) = -2*x + 6. Let i be s(3). List the prime factors of (i + o)*(-6)/12.
2, 5
Let o = -11 + 14. Suppose o*x - 15 = 0, -54 = -k + 2*x - x. What are the prime factors of k?
59
Let i(n) = 14*n + 13. Let l be (-81)/(-15) + 10/(-25). List the prime factors of i(l).
83
Suppose -4*k = -3*n + 649, -2*k = -0*n + 2*n - 428. What are the prime factors of n?
5, 43
Let v be -3 + (-1 - -3)*8. Suppose -5 = -2*d - v. List the prime factors of ((d + -172)/(-2))/2.
2, 11
Let c(t) = 23*t**2 - 7*t + 37. List the prime factors of c(11).
13, 211
Let q = -662 - -1725. What are the prime factors of q?
1063
Let w(j) be the second derivative of 0 - 1/6*j**3 - 1/6*j**4 - 6*j + 1/20*j**5 + 1/2*j**2. What are the prime factors of w(4)?
29
Let g be (2 - -1) + -3 + 6. Let h(a) = 6*a + 9 - g*a + a. What are the prime factors of h(7)?
2
Suppose 2*x - 18 = -f - 3*x, 0 = 5*f - 4*x - 61. Suppose 0 = -3*r + 5*j - 10 + 71, r = -2*j + f. List the prime factors of r.
17
Suppose b = -b + q - 20, 4*q = -5*b - 76. Let p be (2 - b/(-8))*22. Let n = 9 + p. List the prime factors of n.
2, 5
Suppose -2*q - w = -1504, 0*q = q + 3*w - 757. What are the prime factors of q?
751
List the prime factors of ((-10252)/(-33))/(2/3).
2, 233
Suppose -3*q + 27 + 9 = v, 0 = 2*q + 4*v - 14. Let j = -13 + q. Let z(k) = -k**3 - k + 27. List the prime factors of z(j).
3
Let q(k) = -k**3 + 12*k**2 - 6*k + 6. Let j be q(9). Suppose 5*b = 5*x - j, 6*x - x - 177 = -4*b. What are the prime factors of x?
37
Let c(n) = n**2 - 3*n - 2 + 7*n**2 - 2*n**2 - 2*n**2. List the prime factors of c(6).
2, 31
Suppose 14*i - 132 = 10*i. Let r be i - 2*(-3)/(-6). Let x = r - -15. List the prime factors of x.
47
Suppose -q - 5*i + 4247 = 1638, -5*q = -i - 13071. List the prime factors of q.
2, 1307
Let m(y) = 2*y**2 + 36*y + 682. List the prime factors of m(-41).
2, 3, 107
Let m(y) = 4*y - 14. Let r be m(9). Suppose -428 = -26*i + r*i. What are the prime factors of i?
107
Suppose 2*b - 5*t = -37, 0 = 2*t - t - 5. Let v be (-16)/b*(-18)/(-12). Suppose 0 = 2*h + 4*d - 70, 4*d - 2*d - 122 = -v*h. List the prime factors of h.
29
Suppose -2*a - 24 = -110. List the prime factors of a.
43
Let d(p) = -p**2 + 3*p + 13. Let s be d(5). Suppose 4*k = -s*h + 109, 0*h - 4*k - 46 = -2*h. List the prime factors of h.
31
What are the prime factors of (4 + 0)/(-5 - (-1274)/254)?
2, 127
Suppose -3 - 7 = -5*q. Let i be q/((-2)/6*-2). Suppose i*n = 9, u - 5*n + 3 = -u. List the prime factors of u.
2, 3
Suppose 2*f = -469 + 3309. List the prime factors of f.
2, 5, 71
List the prime factors of (-1988)/(-77) + (-10)/(-55).
2, 13
Suppose -2*h - 8 = h - 2*d, 0 = 5*h + d - 4. Let b = -28 + 83. Suppose h*m - n = m - b, m - 4*n - 75 = 0. What are the prime factors of m?
59
Suppose 0 = -3*z + 5*s - 2*s + 1008, -z + 332 = -5*s. What are the prime factors of z?
337
Suppose -4*i = -3*w + i - 135, w - 4*i + 52 = 0. Let n = -7 - w. List the prime factors of n.
3, 11
Suppose 0*f - 50 = 2*f. Let o be (-3 + 5 + -3)*f. Let k = -14 + o. What are the prime factors of k?
11
Suppose -3*a + 4*g + 13 = 5, 5*a - 4*g = 8. Suppose 8 = 2*n - a. Suppose -5*c = -25, 0 = -n*t + t - 3*c + 120. What are the prime factors of t?
5, 7
Let t = 354 + -216. Suppose 4*f = -0*i + i + 254, 5*i - t = -2*f. What are the prime factors of f?
2
Let i be 1/(-3) + 48/9. Suppose -5*f + 11 = -3*o - 0*o, i*o + 5*f - 35 = 0. Suppose 2*s = -5*h + 25 + 6, -5*s + o*h = 0. What are the prime factors of s?
3
Suppose 0 = y - 2*s - 12, 4*y - 6*y = -s - 21. Let h(r) = 2*r - 12. List the prime factors of h(y).
2
Suppose -3*q - 5*u + 149 = -2*q, -q + 5*u = -149. List the prime factors of q.
149
Let g = 7 - 15. Let v be g*4/(-8)*43. What are the prime factors of v/24 + 2/(-12)?
7
Let v(o) = -o**2 + 18*o + 41. Let w be v(17). What are the prime factors of (w + 3)/(3/6)?
2, 61
List the prime factors of 777*5/(5 - 0) - -1.
2,